{"id":3088,"date":"2022-06-03T16:19:15","date_gmt":"2022-06-03T19:19:15","guid":{"rendered":"http:\/\/cimnoroeste.es.gov.br\/?page_id=3088"},"modified":"2024-10-11T10:20:41","modified_gmt":"2024-10-11T13:20:41","slug":"convocacoes","status":"publish","type":"page","link":"https:\/\/cimnoroeste.es.gov.br\/?page_id=3088","title":{"rendered":"CONVOCA\u00c7\u00c3O VIGENTE"},"content":{"rendered":"<p>CONVOCA\u00c7\u00c3O VIGENTE:<\/p>\n<p>Boa noite, Senhores(as) Prefeitos(as).<\/p>\n<p>Em cumprimento ao disposto no inciso III da Cl\u00e1usula D\u00e9cima do Contrato de Cons\u00f3rcio P\u00fablico, o Presidente do Cons\u00f3rcio P\u00fablico da Regi\u00e3o Noroeste \u2013 CIM NOROESTE convoca Vossa Excel\u00eancia para participar da Reuni\u00e3o Extraordin\u00e1ria da Assembleia Geral, a realizar-se conforme os detalhes abaixo:<\/p>\n<p>Data: 16\/10\/2024 (quarta-feira)<br \/>\nHor\u00e1rio: 09h00min<br \/>\nLocal: Sede do CIM NOROESTE<br \/>\nAv. Jo\u00e3o Quiuqui, n\u00ba 26, Sala 101, Centro, \u00c1guia Branca\/ES<\/p>\n<p>O of\u00edcio de convoca\u00e7\u00e3o segue em anexo.<\/p>\n<p>Contamos com a presen\u00e7a de todos.<\/p>\n<p>Atenciosamente,<\/p>\n<p>Sidiclei Giles de Andrade<br \/>\nPresidente do Cons\u00f3rcio P\u00fablico CIM NOROESTE<\/p>\n<p>LINK DA CONVOCA\u00c7\u00c3O:<\/p>\n<p><a href=\"https:\/\/cimnoroeste.es.gov.br\/wp-content\/uploads\/2024\/10\/OFICIO-No-286-2024-ENCAMINHA-CONVOCACAO-AGE-NOROESTE-16-10assinado.pdf\">OFICIO N\u00ba 286 &#8211; 2024 &#8211; ENCAMINHA CONVOCA\u00c7\u00c3O AGE NOROESTE- 16 10<\/a><\/p>\n","protected":false},"excerpt":{"rendered":"<p>CONVOCA\u00c7\u00c3O VIGENTE: Boa noite, Senhores(as) Prefeitos(as). Em cumprimento ao disposto no inciso III da Cl\u00e1usula D\u00e9cima do Contrato de Cons\u00f3rcio P\u00fablico, o Presidente do Cons\u00f3rcio P\u00fablico da Regi\u00e3o Noroeste \u2013 CIM NOROESTE convoca Vossa Excel\u00eancia para participar da Reuni\u00e3o Extraordin\u00e1ria da Assembleia Geral, a realizar-se conforme os detalhes abaixo: Data: 16\/10\/2024 (quarta-feira) Hor\u00e1rio: 09h00min Local: Sede do CIM NOROESTE Av. Jo\u00e3o Quiuqui, n\u00ba 26, Sala 101, Centro, \u00c1guia Branca\/ES O of\u00edcio de convoca\u00e7\u00e3o segue em anexo. Contamos com a presen\u00e7a de todos. Atenciosamente, Sidiclei Giles de Andrade Presidente do Cons\u00f3rcio P\u00fablico CIM NOROESTE LINK DA CONVOCA\u00c7\u00c3O: OFICIO N\u00ba 286 &#8211; 2024 &#8211; ENCAMINHA CONVOCA\u00c7\u00c3O AGE NOROESTE- 16 10<\/p>\n","protected":false},"author":1,"featured_media":0,"parent":0,"menu_order":0,"comment_status":"closed","ping_status":"closed","template":"","meta":{"footnotes":""},"class_list":["post-3088","page","type-page","status-publish","hentry"],"_links":{"self":[{"href":"https:\/\/cimnoroeste.es.gov.br\/index.php?rest_route=\/wp\/v2\/pages\/3088","targetHints":{"allow":["GET"]}}],"collection":[{"href":"https:\/\/cimnoroeste.es.gov.br\/index.php?rest_route=\/wp\/v2\/pages"}],"about":[{"href":"https:\/\/cimnoroeste.es.gov.br\/index.php?rest_route=\/wp\/v2\/types\/page"}],"author":[{"embeddable":true,"href":"https:\/\/cimnoroeste.es.gov.br\/index.php?rest_route=\/wp\/v2\/users\/1"}],"replies":[{"embeddable":true,"href":"https:\/\/cimnoroeste.es.gov.br\/index.php?rest_route=%2Fwp%2Fv2%2Fcomments&post=3088"}],"version-history":[{"count":4,"href":"https:\/\/cimnoroeste.es.gov.br\/index.php?rest_route=\/wp\/v2\/pages\/3088\/revisions"}],"predecessor-version":[{"id":5138,"href":"https:\/\/cimnoroeste.es.gov.br\/index.php?rest_route=\/wp\/v2\/pages\/3088\/revisions\/5138"}],"wp:attachment":[{"href":"https:\/\/cimnoroeste.es.gov.br\/index.php?rest_route=%2Fwp%2Fv2%2Fmedia&parent=3088"}],"curies":[{"name":"wp","href":"https:\/\/api.w.org\/{rel}","templated":true}]}}

CONVOCAÇÃO VIGENTE

<p>CONVOCAÇÃO VIGENTE:</p>
<p>Boa noite, Senhores(as) Prefeitos(as).</p>
<p>Em cumprimento ao disposto no inciso III da Cláusula Décima do Contrato de Consórcio Público, o Presidente do Consórcio Público da Região Noroeste – CIM NOROESTE convoca Vossa Excelência para participar da Reunião Extraordinária da Assembleia Geral, a realizar-se conforme os detalhes abaixo:</p>
<p>Data: 16/10/2024 (quarta-feira)<br />
Horário: 09h00min<br />
Local: Sede do CIM NOROESTE<br />
Av. João Quiuqui, nº 26, Sala 101, Centro, Águia Branca/ES</p>
<p>O ofício de convocação segue em anexo.</p>
<p>Contamos com a presença de todos.</p>
<p>Atenciosamente,</p>
<p>Sidiclei Giles de Andrade<br />
Presidente do Consórcio Público CIM NOROESTE</p>
<p>LINK DA CONVOCAÇÃO:</p>
<p><a href="https://cimnoroeste.es.gov.br/wp-content/uploads/2024/10/OFICIO-No-286-2024-ENCAMINHA-CONVOCACAO-AGE-NOROESTE-16-10assinado.pdf">OFICIO Nº 286 &#8211; 2024 &#8211; ENCAMINHA CONVOCAÇÃO AGE NOROESTE- 16 10</a></p>

<p>CONVOCAÇÃO VIGENTE: Boa noite, Senhores(as) Prefeitos(as). Em cumprimento ao disposto no inciso III da Cláusula Décima do Contrato de Consórcio Público, o Presidente do Consórcio Público da Região Noroeste – CIM NOROESTE convoca Vossa Excelência para participar da Reunião Extraordinária da Assembleia Geral, a realizar-se conforme os detalhes abaixo: Data: 16/10/2024 (quarta-feira) Horário: 09h00min Local: Sede do CIM NOROESTE Av. João Quiuqui, nº 26, Sala 101, Centro, Águia Branca/ES O ofício de convocação segue em anexo. Contamos com a presença de todos. Atenciosamente, Sidiclei Giles de Andrade Presidente do Consórcio Público CIM NOROESTE LINK DA CONVOCAÇÃO: OFICIO Nº 286 &#8211; 2024 &#8211; ENCAMINHA CONVOCAÇÃO AGE NOROESTE- 16 10</p>
