{"id":6973,"date":"2025-10-28T12:42:58","date_gmt":"2025-10-28T15:42:58","guid":{"rendered":"https:\/\/cimnoroeste.es.gov.br\/?page_id=6973"},"modified":"2025-11-02T01:01:19","modified_gmt":"2025-11-02T04:01:19","slug":"atas-camara-setorial-de-saude","status":"publish","type":"page","link":"https:\/\/cimnoroeste.es.gov.br\/?page_id=6973","title":{"rendered":"ATAS C\u00c2MARA SETORIAL DE SA\u00daDE"},"content":{"rendered":"<p data-start=\"0\" data-end=\"53\"><strong data-start=\"3\" data-end=\"51\">Atas das Reuni\u00f5es \u2013 C\u00e2mara Setorial de Sa\u00fade<\/strong><\/p>\n<p data-start=\"55\" data-end=\"306\">A <strong data-start=\"57\" data-end=\"85\">C\u00e2mara Setorial de Sa\u00fade<\/strong> do CIM Noroeste \u00e9 respons\u00e1vel por promover a <strong data-start=\"131\" data-end=\"205\">coordena\u00e7\u00e3o, planejamento e articula\u00e7\u00e3o de pol\u00edticas p\u00fablicas de sa\u00fade<\/strong> entre os munic\u00edpios consorciados, garantindo aten\u00e7\u00e3o integral e qualificada \u00e0 popula\u00e7\u00e3o da regi\u00e3o.<\/p>\n<p data-start=\"308\" data-end=\"565\">As <strong data-start=\"311\" data-end=\"332\">atas das reuni\u00f5es<\/strong> registram oficialmente todos os encontros realizados pela c\u00e2mara, documentando <strong data-start=\"412\" data-end=\"490\">delibera\u00e7\u00f5es, encaminhamentos, decis\u00f5es t\u00e9cnicas e discuss\u00f5es estrat\u00e9gicas<\/strong> conduzidas pelos secret\u00e1rios municipais de sa\u00fade e demais participantes.<\/p>\n<p data-start=\"567\" data-end=\"828\">Esses registros s\u00e3o fundamentais para assegurar <strong data-start=\"615\" data-end=\"674\">transpar\u00eancia, organiza\u00e7\u00e3o e continuidade dos trabalhos<\/strong>, permitindo que prefeitos, secret\u00e1rios e gestores acompanhem o hist\u00f3rico das a\u00e7\u00f5es e das decis\u00f5es, fortalecendo a coopera\u00e7\u00e3o regional na \u00e1rea da sa\u00fade.<\/p>\n<p data-start=\"830\" data-end=\"995\" data-is-last-node=\"\" data-is-only-node=\"\">A seguir, apresentamos todas as <strong data-start=\"862\" data-end=\"911\">atas das reuni\u00f5es da C\u00e2mara Setorial de Sa\u00fade<\/strong>, como refer\u00eancia do trabalho t\u00e9cnico e colaborativo desenvolvido pelo CIM Noroeste.<\/p>\n<p data-start=\"830\" data-end=\"995\" data-is-last-node=\"\" data-is-only-node=\"\">\n<p>ATAS 2025<\/p>\n<p>&nbsp;<\/p>\n<p>&nbsp;<\/p>\n<p>ATAS 2024<\/p>\n<p><a href=\"https:\/\/cimnoroeste.es.gov.br\/wp-content\/uploads\/2025\/10\/ATA-No-001-2024-REUNIAO-ORDINARIA-CAMARA-SETORIAL-DE-SAUDE-v3.pdf\">ATA N\u00ba 001<\/a><\/p>\n<p><a href=\"https:\/\/cimnoroeste.es.gov.br\/wp-content\/uploads\/2025\/10\/ATA-No-002-2024-REUNIAO-ORDINARIA-CAMARA-SETORIAL-DE-SAUDE-11-04-24-v4.pdf\">ATA N\u00ba 002<\/a><\/p>\n<p><a href=\"https:\/\/cimnoroeste.es.gov.br\/wp-content\/uploads\/2025\/10\/ATA-No-03-2024-REUNIAO-ORDINARIA-CAMARA-SETORIAL-DE-SAUDE-v4.pdf\">ATA N\u00ba 003<\/a><\/p>\n<p>&nbsp;<\/p>\n<p>ATAS 2023<\/p>\n<p><a href=\"https:\/\/cimnoroeste.es.gov.br\/wp-content\/uploads\/2025\/10\/ATA-No-001-2023-REUNIAO-EXTRAORDINARIA-CAMARA-SETORIAL-DE-SAUDE-v3.pdf\">ATA N\u00ba 001<\/a><\/p>\n<p><a href=\"https:\/\/cimnoroeste.es.gov.br\/wp-content\/uploads\/2025\/10\/ATA-No-002-2023-REUNIAO-ORDINARIA-CAMARA-DE-SAUDE-v3.pdf\">ATA N\u00ba 002<\/a><\/p>\n<p><a href=\"https:\/\/cimnoroeste.es.gov.br\/wp-content\/uploads\/2025\/10\/ATA-No-003-2023-REUNIAO-ORDINARIA-CAMARA-DE-SAUDE-v3.pdf\">ATA N\u00ba 003<\/a><\/p>\n<p>&nbsp;<\/p>\n<p>ATAS 2022<\/p>\n<p><a href=\"https:\/\/cimnoroeste.es.gov.br\/wp-content\/uploads\/2025\/10\/ATA-No-001-2022-DA-REUNIAO-DA-CAMARA-SETORIAL-DE-SAUDE-DO-CIM-NOROESTEV2.pdf\">ATA N\u00ba 001\u00a0<\/a><\/p>\n<p><a href=\"https:\/\/cimnoroeste.es.gov.br\/wp-content\/uploads\/2025\/10\/ATA-No-002-2022-REUNIAO-CAMARA-SETORIAL-DE-SAUDE-v3-1.pdf\">ATA N\u00ba 002\u00a0<\/a><\/p>\n<p><a href=\"https:\/\/cimnoroeste.es.gov.br\/wp-content\/uploads\/2025\/10\/ATA-No-003-2022-REUNIAO-CAMARA-SETORIAL-DE-SAUDE-v3.pdf\">ATA N\u00ba 003\u00a0<\/a><\/p>\n<p><a href=\"https:\/\/cimnoroeste.es.gov.br\/wp-content\/uploads\/2025\/10\/ATA-No-004-2022-REUNIAO-CAMARA-SETORIAL-DE-SAUDE-v2.pdf\">ATA N\u00ba 004\u00a0<\/a><\/p>\n<p>&nbsp;<\/p>\n<p>ATAS 2021<\/p>\n<p><a href=\"https:\/\/cimnoroeste.es.gov.br\/wp-content\/uploads\/2025\/10\/ATA-No-01-2021-DA-REUNIAO-DA-CAMARA-SETORIAL-DE-SAUDE-DO-CIM-NOROESTEv2.pdf\">ATA N\u00ba 01\u00a0<\/a><\/p>\n<p><a href=\"https:\/\/cimnoroeste.es.gov.br\/wp-content\/uploads\/2025\/10\/ATA-No-02-2021-DA-REUNIAO-DA-CAMARA-SETORIAL-DE-SAUDE-DO-CIM-NOROESTEv3.pdf\">ATA N\u00ba 02\u00a0<\/a><\/p>\n<p><a href=\"https:\/\/cimnoroeste.es.gov.br\/wp-content\/uploads\/2025\/10\/ATA-No-03-2021-DA-REUNIAO-DA-CAMARA-SETORIAL-DE-SAUDE-DO-CIM-NOROESTE-v2.pdf\">ATA N\u00ba 03 <\/a><\/p>\n<p><a href=\"https:\/\/cimnoroeste.es.gov.br\/wp-content\/uploads\/2025\/10\/ATA-No-04-2021-DA-REUNIAO-DA-CAMARA-SETORIAL-DE-SAUDE-DO-CIM-NOROESTE-16-09-2021-v3.pdf\">ATA N\u00ba 04\u00a0<\/a><\/p>\n<p><a href=\"https:\/\/cimnoroeste.es.gov.br\/wp-content\/uploads\/2025\/10\/ATA-No-05-2021-DA-REUNIAO-DA-CAMARA-SETORIAL-DE-SAUDE-DO-CIM-NOROESTE.-V2.pdf\">ATA N\u00ba 05\u00a0<\/a><\/p>\n","protected":false},"excerpt":{"rendered":"<p>Atas das Reuni\u00f5es \u2013 C\u00e2mara Setorial de Sa\u00fade A C\u00e2mara Setorial de Sa\u00fade do CIM Noroeste \u00e9 respons\u00e1vel por promover a coordena\u00e7\u00e3o, planejamento e articula\u00e7\u00e3o de pol\u00edticas p\u00fablicas de sa\u00fade entre os munic\u00edpios consorciados, garantindo aten\u00e7\u00e3o integral e qualificada \u00e0 popula\u00e7\u00e3o da regi\u00e3o. As atas das reuni\u00f5es registram oficialmente todos os encontros realizados pela c\u00e2mara, documentando delibera\u00e7\u00f5es, encaminhamentos, decis\u00f5es t\u00e9cnicas e discuss\u00f5es estrat\u00e9gicas conduzidas pelos secret\u00e1rios municipais de sa\u00fade e demais participantes. Esses registros s\u00e3o fundamentais para assegurar transpar\u00eancia, organiza\u00e7\u00e3o e continuidade dos trabalhos, permitindo que prefeitos, secret\u00e1rios e gestores acompanhem o hist\u00f3rico das a\u00e7\u00f5es e das decis\u00f5es, fortalecendo a coopera\u00e7\u00e3o regional na \u00e1rea da sa\u00fade. A seguir, apresentamos todas as atas das reuni\u00f5es da C\u00e2mara Setorial de Sa\u00fade, como refer\u00eancia do trabalho t\u00e9cnico e colaborativo desenvolvido pelo CIM Noroeste. ATAS 2025 &nbsp; &nbsp; ATAS 2024 ATA N\u00ba 001 ATA N\u00ba 002 ATA N\u00ba 003 &nbsp; ATAS 2023 ATA N\u00ba 001 ATA N\u00ba 002 ATA N\u00ba 003 &nbsp; ATAS 2022 ATA N\u00ba 001\u00a0 ATA N\u00ba 002\u00a0 ATA N\u00ba 003\u00a0 ATA N\u00ba 004\u00a0 &nbsp; ATAS 2021 ATA N\u00ba 01\u00a0 ATA N\u00ba 02\u00a0 ATA N\u00ba 03 ATA N\u00ba 04\u00a0 ATA N\u00ba 05\u00a0<\/p>\n","protected":false},"author":1,"featured_media":0,"parent":0,"menu_order":0,"comment_status":"closed","ping_status":"closed","template":"","meta":{"footnotes":""},"class_list":["post-6973","page","type-page","status-publish","hentry"],"_links":{"self":[{"href":"https:\/\/cimnoroeste.es.gov.br\/index.php?rest_route=\/wp\/v2\/pages\/6973","targetHints":{"allow":["GET"]}}],"collection":[{"href":"https:\/\/cimnoroeste.es.gov.br\/index.php?rest_route=\/wp\/v2\/pages"}],"about":[{"href":"https:\/\/cimnoroeste.es.gov.br\/index.php?rest_route=\/wp\/v2\/types\/page"}],"author":[{"embeddable":true,"href":"https:\/\/cimnoroeste.es.gov.br\/index.php?rest_route=\/wp\/v2\/users\/1"}],"replies":[{"embeddable":true,"href":"https:\/\/cimnoroeste.es.gov.br\/index.php?rest_route=%2Fwp%2Fv2%2Fcomments&post=6973"}],"version-history":[{"count":3,"href":"https:\/\/cimnoroeste.es.gov.br\/index.php?rest_route=\/wp\/v2\/pages\/6973\/revisions"}],"predecessor-version":[{"id":7202,"href":"https:\/\/cimnoroeste.es.gov.br\/index.php?rest_route=\/wp\/v2\/pages\/6973\/revisions\/7202"}],"wp:attachment":[{"href":"https:\/\/cimnoroeste.es.gov.br\/index.php?rest_route=%2Fwp%2Fv2%2Fmedia&parent=6973"}],"curies":[{"name":"wp","href":"https:\/\/api.w.org\/{rel}","templated":true}]}}