{"id":7055,"date":"2025-10-28T16:53:46","date_gmt":"2025-10-28T19:53:46","guid":{"rendered":"https:\/\/cimnoroeste.es.gov.br\/?page_id=7055"},"modified":"2026-04-17T10:27:37","modified_gmt":"2026-04-17T13:27:37","slug":"equipe","status":"publish","type":"page","link":"https:\/\/cimnoroeste.es.gov.br\/?page_id=7055","title":{"rendered":"ESTRUTURA ORGANIZACIONAL"},"content":{"rendered":"<p data-start=\"162\" data-end=\"210\"><strong data-start=\"166\" data-end=\"210\"><img loading=\"lazy\" decoding=\"async\" class=\" wp-image-7179 alignleft\" src=\"https:\/\/cimnoroeste.es.gov.br\/wp-content\/uploads\/2025\/11\/estrutura-organizacional.jpg\" alt=\"\" width=\"278\" height=\"199\" \/><span style=\"color: #000000;\">&gt; Estrutura Organizacional do CIM NOROESTE<\/span><\/strong><\/p>\n<p data-start=\"212\" data-end=\"614\"><span style=\"color: #000000;\">O Cons\u00f3rcio P\u00fablico CIM NOROESTE \u00e9 composto por uma equipe t\u00e9cnica e administrativa altamente comprometida com a efici\u00eancia, a transpar\u00eancia e o desenvolvimento regional.<\/span><br \/>\n<br data-start=\"382\" data-end=\"385\" \/><span style=\"color: #000000;\">Cada membro dessa equipe desempenha um papel essencial na constru\u00e7\u00e3o de solu\u00e7\u00f5es compartilhadas que fortalecem os munic\u00edpios consorciados, promovendo melhores servi\u00e7os p\u00fablicos e mais qualidade de vida \u00e0 popula\u00e7\u00e3o.<\/span><\/p>\n<p data-start=\"616\" data-end=\"921\"><span style=\"color: #000000;\">A seguir, apresentamos os membros da equipe que integram nossa estrutura organizacional \u2014 pessoas que, com dedica\u00e7\u00e3o, \u00e9tica e esp\u00edrito colaborativo, tornam poss\u00edvel a execu\u00e7\u00e3o das pol\u00edticas p\u00fablicas intermunicipais e a consolida\u00e7\u00e3o de um modelo de gest\u00e3o para a regi\u00e3o noroeste do Estado do Esp\u00edrito Santo.<\/span><\/p>\n<hr \/>\n<p data-start=\"401\" data-end=\"426\"><span style=\"color: #000000;\"><strong data-start=\"406\" data-end=\"426\">&gt; SUPERINTEND\u00caNCIA<\/strong><\/span><\/p>\n<p data-start=\"427\" data-end=\"476\"><span style=\"color: #000000;\"><strong data-start=\"427\" data-end=\"456\">Smilei Duques de Oliveira<\/strong> \u2014 Superintendente<br \/>\n<\/span><\/p>\n<hr data-start=\"478\" data-end=\"481\" \/>\n<p data-start=\"483\" data-end=\"523\"><span style=\"color: #000000;\"><strong data-start=\"488\" data-end=\"523\">&gt; C\u00c2MARA SETORIAL DE SA\u00daDE \/ SAMU<\/strong><\/span><\/p>\n<p data-start=\"483\" data-end=\"523\"><span style=\"color: #000000;\">-SA\u00daDE<br \/>\n<\/span><\/p>\n<p data-start=\"524\" data-end=\"1360\"><span style=\"color: #000000;\"><strong data-start=\"524\" data-end=\"550\">Ten\u00f3rio Gomes da Silva \u2014 Diretor da \u00c1rea da Sa\u00fade<br \/>\n<\/strong><\/span><span style=\"color: #000000;\"><strong data-start=\"524\" data-end=\"550\">Elissandra Silva da Paix\u00e3o Covre de Oliveira <\/strong>\u2014 Auxiliar Administrativo<strong data-start=\"524\" data-end=\"550\"><br data-start=\"654\" data-end=\"657\" \/>Tassia Deize Breda <\/strong>\u2014 Auxiliar Administrativo<\/span><br data-start=\"705\" data-end=\"708\" \/><span style=\"color: #000000;\"><strong data-start=\"708\" data-end=\"737\">Bricio Teixeira Nicoletti<\/strong> \u2014 Assessor Administrativo<br \/>\n<\/span><span style=\"color: #000000;\"><strong data-start=\"1678\" data-end=\"1705\">Mateus Peixoto da Silva <\/strong>\u2014 Assessor de Projetos na \u00c1rea da Sa\u00fade<\/span><\/p>\n<p data-start=\"524\" data-end=\"1360\"><span style=\"color: #000000;\">-SAMU 192<br \/>\n<\/span><\/p>\n<p><strong><span style=\"color: #000000;\">Heloize Otavia Tavares Fanel<\/span><\/strong> <span style=\"color: #000000;\">\u2014 Gerente do SAMU 192<br \/>\n<\/span><span style=\"color: #000000;\"><strong>Lucas Ol\u00edvio Santos Couto<\/strong> \u2014 Coordenador Operacional<\/span><br data-start=\"935\" data-end=\"938\" \/><span style=\"color: #000000;\"><strong data-start=\"938\" data-end=\"969\">Ronielly Carrasco de Morais<\/strong> \u2014 Enfermeiro RT do SAMU<\/span><br data-start=\"993\" data-end=\"996\" \/><span style=\"color: #000000;\"><strong data-start=\"996\" data-end=\"1022\">Paulo Cezar dos Santos<\/strong> \u2014 Enfermeiro NEP do SAMU<\/span><br data-start=\"1047\" data-end=\"1050\" \/><span style=\"color: #000000;\"><strong data-start=\"1050\" data-end=\"1084\">Aldivania Alves Salvador Wernz<\/strong> \u2014 Chefe de Fiscaliza\u00e7\u00e3o e Acompanhamento de Contratos do SAMU<\/span><br data-start=\"1146\" data-end=\"1149\" \/><span style=\"color: #000000;\"><strong data-start=\"1149\" data-end=\"1174\">Karla Mauri Favoretti<\/strong> \u2014 Farmac\u00eautica RT do SAMU<\/span><br \/>\n<span style=\"color: #000000;\"><strong data-start=\"1765\" data-end=\"1802\">Bruno Leonardo Ramalho <span style=\"color: #000000;\">&#8211; <\/span><\/strong><span style=\"color: #000000;\">Coordenador de Frotas do SAMU<\/span><\/span><\/p>\n<hr data-start=\"1362\" data-end=\"1365\" \/>\n<p data-start=\"1367\" data-end=\"1428\"><span style=\"color: #000000;\"><strong data-start=\"1372\" data-end=\"1428\">&gt; C\u00c2MARA SETORIAL DE COMPRAS COMPARTILHADAS E SERVI\u00c7OS<\/strong><\/span><\/p>\n<p data-start=\"1429\" data-end=\"1857\"><span style=\"color: #000000;\"><strong data-start=\"1429\" data-end=\"1457\">Rodrigo Correia Bernardi<\/strong> \u2014 Diretor Executivo da \u00c1rea de Compras Compartilhadas<\/span><br data-start=\"1511\" data-end=\"1514\" \/><span style=\"color: #000000;\"><strong data-start=\"1514\" data-end=\"1542\">Ronni Petterson de Paula<\/strong> \u2014 Agente de Contrata\u00e7\u00f5es da \u00c1rea de Compras Compartilhadas<\/span><br data-start=\"1601\" data-end=\"1604\" \/><span style=\"color: #000000;\"><strong data-start=\"1604\" data-end=\"1631\">Gabriel Ferreira Moraes<\/strong> \u2014 Gerente da \u00c1rea de Compras Compartilhadas<\/span><br data-start=\"1675\" data-end=\"1678\" \/><span style=\"color: #000000;\"> <strong data-start=\"1604\" data-end=\"1631\">Leonardo Nicco dos Santos <\/strong>\u2014 Chefe de Faturamento da \u00c1rea de Compras Compartilhadas<br \/>\n<\/span><span style=\"color: #000000;\"><span style=\"color: #002345;\"><strong data-start=\"1604\" data-end=\"1631\">Deyvison Augusto da Silva Mendon\u00e7a <\/strong>\u2014 Assessor t\u00e9cnico da \u00c1rea de Compras Compartilhadas \u00a0 \u00a0 \u00a0 \u00a0 \u00a0 \u00a0 \u00a0 \u00a0 \u00a0 \u00a0 \u00a0 \u00a0 \u00a0 \u00a0 \u00a0 \u00a0 \u00a0 \u00a0 \u00a0 \u00a0<\/span><\/span><span style=\"color: #000000;\">\u00a0<\/span><\/p>\n<hr data-start=\"1859\" data-end=\"1862\" \/>\n<p data-start=\"1864\" data-end=\"1919\"><span style=\"color: #000000;\"><strong data-start=\"1869\" data-end=\"1919\">&gt; C\u00c2MARA SETORIAL DE MEIO AMBIENTE E AGRICULTURA<\/strong><\/span><\/p>\n<p data-start=\"1920\" data-end=\"2351\"><span style=\"color: #000000;\"><strong data-start=\"1920\" data-end=\"1948\">Dulcineia E. Silva Souza<\/strong> \u2014 Diretora Executiva da \u00c1rea de Meio Ambiente<\/span><br data-start=\"1994\" data-end=\"1997\" \/><span style=\"color: #000000;\"><strong data-start=\"1997\" data-end=\"2018\">Alexandre Colombi<\/strong> \u2014 Chefe da \u00c1rea de Meio Ambiente<\/span><br data-start=\"2051\" data-end=\"2054\" \/><span style=\"color: #000000;\"><strong data-start=\"2054\" data-end=\"2080\">Ester Miriam Gon\u00e7alves<\/strong> \u2014 Chefe da \u00c1rea de Fiscaliza\u00e7\u00e3o Ambiental<\/span><br data-start=\"2122\" data-end=\"2125\" \/><span style=\"color: #000000;\"><strong data-start=\"2125\" data-end=\"2150\">Lucas de Souza Amorim<\/strong> \u2014 Analista Ambiental<\/span><br data-start=\"2171\" data-end=\"2174\" \/><span style=\"color: #000000;\"><strong data-start=\"2174\" data-end=\"2205\">Nathalia Moreira dos Santos<\/strong> \u2014 Fiscal Ambiental<\/span><br data-start=\"2224\" data-end=\"2227\" \/><span style=\"color: #000000;\"><strong data-start=\"2227\" data-end=\"2244\">Andre Lubiana<\/strong> \u2014 Analista Ambiental (Terceirizado)<\/span><br data-start=\"2280\" data-end=\"2283\" \/><span style=\"color: #000000;\"><strong data-start=\"2283\" data-end=\"2313\">Danielle Campostrini Canal<\/strong> \u2014 Analista Ambiental (Terceirizado)<\/span><\/p>\n<hr data-start=\"2353\" data-end=\"2356\" \/>\n<p data-start=\"2358\" data-end=\"2441\"><span style=\"color: #000000;\"><strong data-start=\"2363\" data-end=\"2441\">&gt; C\u00c2MARA SETORIAL DE TURISMO, CULTURA, ESPORTE E DESENVOLVIMENTO SUSTENT\u00c1VEL<\/strong><\/span><\/p>\n<p data-start=\"2442\" data-end=\"2874\"><span style=\"color: #000000;\"><strong data-start=\"2442\" data-end=\"2462\">Aldecir Bassetti<\/strong> \u2014 Diretor Executivo da \u00c1rea de Desenvolvimento e Turismo<\/span><br data-start=\"2519\" data-end=\"2522\" \/><span style=\"color: #000000;\"><strong data-start=\"2522\" data-end=\"2551\">Arilson Araujo Schumacher<\/strong> \u2014 Assessor de Projetos na \u00c1rea de Turismo<\/span><br data-start=\"2593\" data-end=\"2596\" \/><span style=\"color: #000000;\"><strong data-start=\"2596\" data-end=\"2625\">Arliane dos Santos Turini<\/strong> \u2014 Analista de Turismo (Terceirizado)<\/span><br data-start=\"2662\" data-end=\"2665\" \/><span style=\"color: #000000;\"><strong data-start=\"2665\" data-end=\"2701\">Beatriz Cristinna da Silva Alves<\/strong> \u2014 Analista de Turismo (Terceirizado)<\/span><br data-start=\"2738\" data-end=\"2741\" \/><span style=\"color: #000000;\"><strong data-start=\"2741\" data-end=\"2764\">Jos\u00e9 Paulo da Costa<\/strong> \u2014 Gerente de Comunica\u00e7\u00e3o (Terceirizado)<\/span><br data-start=\"2804\" data-end=\"2807\" \/><span style=\"color: #000000;\"><strong data-start=\"2807\" data-end=\"2834\">Br\u00edgida Baldan Balarine<\/strong> \u2014 Gerente de Marketing (Terceirizado)<\/span><\/p>\n<hr data-start=\"2876\" data-end=\"2879\" \/>\n<p data-start=\"2881\" data-end=\"2941\"><span style=\"color: #000000;\"><strong data-start=\"2886\" data-end=\"2941\">&gt; C\u00c2MARA SETORIAL DE SEGURAN\u00c7A P\u00daBLICA E DEFESA CIVIL<\/strong><\/span><\/p>\n<p data-start=\"2942\" data-end=\"3046\"><span style=\"color: #000000;\"><strong data-start=\"2942\" data-end=\"2977\">Marcos Antonio Meneguete Qiuqui<\/strong> \u2014 Assessor de Projetos na \u00c1rea de Seguran\u00e7a P\u00fablica e Defesa Civil<\/span><\/p>\n<hr data-start=\"3048\" data-end=\"3051\" \/>\n<p data-start=\"3053\" data-end=\"3074\"><span style=\"color: #000000;\"><strong data-start=\"3058\" data-end=\"3074\">&gt; PROCURADORIA<\/strong><\/span><\/p>\n<p data-start=\"3075\" data-end=\"3141\"><span style=\"color: #000000;\"><strong data-start=\"3075\" data-end=\"3108\">Jo\u00e3o Victor Oliveira Serafini<\/strong> \u2014 Coordenador da \u00c1rea Jur\u00eddica<\/span><\/p>\n<hr data-start=\"3048\" data-end=\"3051\" \/>\n<p data-start=\"3075\" data-end=\"3141\"><span style=\"color: #000000;\"><strong data-start=\"1203\" data-end=\"1228\">&gt; EQUIPE DE SERVI\u00c7OS GERAIS<\/strong><\/span><\/p>\n<p><span style=\"color: #000000;\"><strong>Camila Alves Salvador<\/strong> \u2014 Auxiliar de Servi\u00e7os Gerais (Terceirizado)<\/span><br data-start=\"1273\" data-end=\"1276\" \/><span style=\"color: #000000;\"><strong>Daiane Fernanda de Abreu Fedyszer<\/strong> \u2014 Auxiliar de Servi\u00e7os Gerais (Terceirizado)<\/span><\/p>\n<hr \/>\n<p>&nbsp;<\/p>\n<p>&nbsp;<\/p>\n","protected":false},"excerpt":{"rendered":"<p>&gt; Estrutura Organizacional do CIM NOROESTE O Cons\u00f3rcio P\u00fablico CIM NOROESTE \u00e9 composto por uma equipe t\u00e9cnica e administrativa altamente comprometida com a efici\u00eancia, a transpar\u00eancia e o desenvolvimento regional. Cada membro dessa equipe desempenha um papel essencial na constru\u00e7\u00e3o de solu\u00e7\u00f5es compartilhadas que fortalecem os munic\u00edpios consorciados, promovendo melhores servi\u00e7os p\u00fablicos e mais qualidade de vida \u00e0 popula\u00e7\u00e3o. A seguir, apresentamos os membros da equipe que integram nossa estrutura organizacional \u2014 pessoas que, com dedica\u00e7\u00e3o, \u00e9tica e esp\u00edrito colaborativo, tornam poss\u00edvel a execu\u00e7\u00e3o das pol\u00edticas p\u00fablicas intermunicipais e a consolida\u00e7\u00e3o de um modelo de gest\u00e3o para a regi\u00e3o noroeste do Estado do Esp\u00edrito Santo. &gt; SUPERINTEND\u00caNCIA Smilei Duques de Oliveira \u2014 Superintendente &gt; C\u00c2MARA SETORIAL DE SA\u00daDE \/ SAMU -SA\u00daDE Ten\u00f3rio Gomes da Silva \u2014 Diretor da \u00c1rea da Sa\u00fade Elissandra Silva da Paix\u00e3o Covre de Oliveira \u2014 Auxiliar AdministrativoTassia Deize Breda \u2014 Auxiliar AdministrativoBricio Teixeira Nicoletti \u2014 Assessor Administrativo Mateus Peixoto da Silva \u2014 Assessor de Projetos na \u00c1rea da Sa\u00fade -SAMU 192 Heloize Otavia Tavares Fanel \u2014 Gerente do SAMU 192 Lucas Ol\u00edvio Santos Couto \u2014 Coordenador OperacionalRonielly Carrasco de Morais \u2014 Enfermeiro RT do SAMUPaulo Cezar dos Santos \u2014 Enfermeiro NEP do SAMUAldivania Alves Salvador Wernz \u2014 Chefe de Fiscaliza\u00e7\u00e3o e Acompanhamento de Contratos do SAMUKarla Mauri Favoretti \u2014 Farmac\u00eautica RT do SAMU Bruno Leonardo Ramalho &#8211; Coordenador de Frotas do SAMU &gt; C\u00c2MARA SETORIAL DE COMPRAS COMPARTILHADAS E SERVI\u00c7OS Rodrigo Correia Bernardi \u2014 Diretor Executivo da \u00c1rea de Compras CompartilhadasRonni Petterson de Paula \u2014 Agente de Contrata\u00e7\u00f5es da \u00c1rea de Compras CompartilhadasGabriel Ferreira Moraes \u2014 Gerente da \u00c1rea de Compras Compartilhadas Leonardo Nicco dos Santos \u2014 Chefe de Faturamento da \u00c1rea de Compras Compartilhadas Deyvison Augusto da Silva Mendon\u00e7a \u2014 Assessor t\u00e9cnico da \u00c1rea de Compras Compartilhadas \u00a0 \u00a0 \u00a0 \u00a0 \u00a0 \u00a0 \u00a0 \u00a0 \u00a0 \u00a0 \u00a0 \u00a0 \u00a0 \u00a0 \u00a0 \u00a0 \u00a0 \u00a0 \u00a0 \u00a0\u00a0 &gt; C\u00c2MARA SETORIAL DE MEIO AMBIENTE E AGRICULTURA Dulcineia E. Silva Souza \u2014 Diretora Executiva da \u00c1rea de Meio AmbienteAlexandre Colombi \u2014 Chefe da \u00c1rea de Meio AmbienteEster Miriam Gon\u00e7alves \u2014 Chefe da \u00c1rea de Fiscaliza\u00e7\u00e3o AmbientalLucas de Souza Amorim \u2014 Analista AmbientalNathalia Moreira dos Santos \u2014 Fiscal AmbientalAndre Lubiana \u2014 Analista Ambiental (Terceirizado)Danielle Campostrini Canal \u2014 Analista Ambiental (Terceirizado) &gt; C\u00c2MARA SETORIAL DE TURISMO, CULTURA, ESPORTE E DESENVOLVIMENTO SUSTENT\u00c1VEL Aldecir Bassetti \u2014 Diretor Executivo da \u00c1rea de Desenvolvimento e TurismoArilson Araujo Schumacher \u2014 Assessor de Projetos na \u00c1rea de TurismoArliane dos Santos Turini \u2014 Analista de Turismo (Terceirizado)Beatriz Cristinna da Silva Alves \u2014 Analista de Turismo (Terceirizado)Jos\u00e9 Paulo da Costa \u2014 Gerente de Comunica\u00e7\u00e3o (Terceirizado)Br\u00edgida Baldan Balarine \u2014 Gerente de Marketing (Terceirizado) &gt; C\u00c2MARA SETORIAL DE SEGURAN\u00c7A P\u00daBLICA E DEFESA CIVIL Marcos Antonio Meneguete Qiuqui \u2014 Assessor de Projetos na \u00c1rea de Seguran\u00e7a P\u00fablica e Defesa Civil &gt; PROCURADORIA Jo\u00e3o Victor Oliveira Serafini \u2014 Coordenador da \u00c1rea Jur\u00eddica &gt; EQUIPE DE SERVI\u00c7OS GERAIS Camila Alves Salvador \u2014 Auxiliar de Servi\u00e7os Gerais (Terceirizado)Daiane Fernanda de Abreu Fedyszer \u2014 Auxiliar de Servi\u00e7os Gerais (Terceirizado) &nbsp; &nbsp;<\/p>\n","protected":false},"author":1,"featured_media":0,"parent":0,"menu_order":0,"comment_status":"closed","ping_status":"closed","template":"","meta":{"footnotes":""},"class_list":["post-7055","page","type-page","status-publish","hentry"],"_links":{"self":[{"href":"https:\/\/cimnoroeste.es.gov.br\/index.php?rest_route=\/wp\/v2\/pages\/7055","targetHints":{"allow":["GET"]}}],"collection":[{"href":"https:\/\/cimnoroeste.es.gov.br\/index.php?rest_route=\/wp\/v2\/pages"}],"about":[{"href":"https:\/\/cimnoroeste.es.gov.br\/index.php?rest_route=\/wp\/v2\/types\/page"}],"author":[{"embeddable":true,"href":"https:\/\/cimnoroeste.es.gov.br\/index.php?rest_route=\/wp\/v2\/users\/1"}],"replies":[{"embeddable":true,"href":"https:\/\/cimnoroeste.es.gov.br\/index.php?rest_route=%2Fwp%2Fv2%2Fcomments&post=7055"}],"version-history":[{"count":40,"href":"https:\/\/cimnoroeste.es.gov.br\/index.php?rest_route=\/wp\/v2\/pages\/7055\/revisions"}],"predecessor-version":[{"id":7741,"href":"https:\/\/cimnoroeste.es.gov.br\/index.php?rest_route=\/wp\/v2\/pages\/7055\/revisions\/7741"}],"wp:attachment":[{"href":"https:\/\/cimnoroeste.es.gov.br\/index.php?rest_route=%2Fwp%2Fv2%2Fmedia&parent=7055"}],"curies":[{"name":"wp","href":"https:\/\/api.w.org\/{rel}","templated":true}]}}